{"id":32153,"date":"2018-09-14T14:56:39","date_gmt":"2018-09-14T14:56:39","guid":{"rendered":"https:\/\/museemontrealjuif.ca\/event\/turko-sephardic-musical-brunch\/"},"modified":"2018-09-14T15:02:43","modified_gmt":"2018-09-14T15:02:43","slug":"turko-sephardic-musical-brunch","status":"publish","type":"tribe_events","link":"https:\/\/museemontrealjuif.ca\/fr\/event\/turko-sephardic-musical-brunch\/","title":{"rendered":"Brunch turco-s\u00e9farade"},"content":{"rendered":"<p>Dans le cadre de notre exposition actuelle,\u00a0<em>l&rsquo;exposition pour le 250e de la Synagogue espagnole et portugaise<\/em>, ce mois nous accompagnerons notre <a href=\"https:\/\/www.facebook.com\/events\/831895573868136\/\" target=\"_blank\" rel=\"noopener\">brunch<\/a> avec\u00a0la musique turco-s\u00e9farade !\u00a0Passez chez nous <strong>dimanche le 16 septembre<\/strong>\u00a0afin d\u2019essayer notre d\u00e9licieux menu brunch, d\u2019\u00e9couter de la formidable musique klezmer, et de jaser avec vos amis et votre famille !<\/p>\n<p>Il y aura trois servies de brunch : de 10h \u00e0 11h30, de 11h30 \u00e0 13h et de 13h \u00e0 14h30 avec trois performances musicales\u00a0: de 11h \u00e0 11h30, de 12h \u00e0 12h30 et de 13h \u00e0 13h30.<\/p>\n<p><strong>Pour r\u00e9server, s\u2019il vous pla\u00eet appeler le 514-840-9300 ou envoyer\u00a0un courriel \u00e0 <a href=\"mailto:fletchers@imjm.ca\">fletchers@imjm.ca<\/a>.<\/strong> Les places sans r\u00e9servations sont tr\u00e8s limit\u00e9es.<\/p>\n","protected":false},"excerpt":{"rendered":"<p>Dans le cadre de notre exposition actuelle,\u00a0l&rsquo;exposition pour le 250e de la Synagogue espagnole et portugaise, ce mois nous accompagnerons notre brunch avec\u00a0la musique turco-s\u00e9farade !\u00a0Passez chez nous dimanche le 16 septembre\u00a0afin d\u2019essayer notre d\u00e9licieux menu brunch, d\u2019\u00e9couter de la formidable musique klezmer, et de jaser avec vos amis et&#8230;<\/p>\n","protected":false},"author":5,"featured_media":32147,"template":"","meta":{"_tribe_events_status":"","_tribe_events_status_reason":"","footnotes":""},"tags":[],"tribe_events_cat":[67],"class_list":["post-32153","tribe_events","type-tribe_events","status-publish","has-post-thumbnail","tribe_events_cat-fletchers-fr","cat_fletchers-fr"],"_links":{"self":[{"href":"https:\/\/museemontrealjuif.ca\/fr\/wp-json\/wp\/v2\/tribe_events\/32153","targetHints":{"allow":["GET"]}}],"collection":[{"href":"https:\/\/museemontrealjuif.ca\/fr\/wp-json\/wp\/v2\/tribe_events"}],"about":[{"href":"https:\/\/museemontrealjuif.ca\/fr\/wp-json\/wp\/v2\/types\/tribe_events"}],"author":[{"embeddable":true,"href":"https:\/\/museemontrealjuif.ca\/fr\/wp-json\/wp\/v2\/users\/5"}],"version-history":[{"count":0,"href":"https:\/\/museemontrealjuif.ca\/fr\/wp-json\/wp\/v2\/tribe_events\/32153\/revisions"}],"wp:featuredmedia":[{"embeddable":true,"href":"https:\/\/museemontrealjuif.ca\/fr\/wp-json\/wp\/v2\/media\/32147"}],"wp:attachment":[{"href":"https:\/\/museemontrealjuif.ca\/fr\/wp-json\/wp\/v2\/media?parent=32153"}],"wp:term":[{"taxonomy":"post_tag","embeddable":true,"href":"https:\/\/museemontrealjuif.ca\/fr\/wp-json\/wp\/v2\/tags?post=32153"},{"taxonomy":"tribe_events_cat","embeddable":true,"href":"https:\/\/museemontrealjuif.ca\/fr\/wp-json\/wp\/v2\/tribe_events_cat?post=32153"}],"curies":[{"name":"wp","href":"https:\/\/api.w.org\/{rel}","templated":true}]}}

Brunch turco-séfarade

<p>Dans le cadre de notre exposition actuelle, <em>l&rsquo;exposition pour le 250e de la Synagogue espagnole et portugaise</em>, ce mois nous accompagnerons notre <a href="https://www.facebook.com/events/831895573868136/" target="_blank" rel="noopener">brunch</a> avec la musique turco-séfarade ! Passez chez nous <strong>dimanche le 16 septembre</strong> afin d’essayer notre délicieux menu brunch, d’écouter de la formidable musique klezmer, et de jaser avec vos amis et votre famille !</p>
<p>Il y aura trois servies de brunch : de 10h à 11h30, de 11h30 à 13h et de 13h à 14h30 avec trois performances musicales : de 11h à 11h30, de 12h à 12h30 et de 13h à 13h30.</p>
<p><strong>Pour réserver, s’il vous plaît appeler le 514-840-9300 ou envoyer un courriel à <a href="mailto:fletchers@imjm.ca">fletchers@imjm.ca</a>.</strong> Les places sans réservations sont très limitées.</p>

<p>Dans le cadre de notre exposition actuelle, l&rsquo;exposition pour le 250e de la Synagogue espagnole et portugaise, ce mois nous accompagnerons notre brunch avec la musique turco-séfarade ! Passez chez nous dimanche le 16 septembre afin d’essayer notre délicieux menu brunch, d’écouter de la formidable musique klezmer, et de jaser avec vos amis et&#8230;</p>
