{"id":34450,"date":"2019-05-01T20:41:48","date_gmt":"2019-05-01T20:41:48","guid":{"rendered":"https:\/\/museemontrealjuif.ca\/event\/montreal-premiere-of-chewdaism-a-taste-of-jewish-montreal\/"},"modified":"2019-05-01T20:41:48","modified_gmt":"2019-05-01T20:41:48","slug":"montreal-premiere-of-chewdaism-a-taste-of-jewish-montreal","status":"publish","type":"tribe_events","link":"https:\/\/museemontrealjuif.ca\/fr\/event\/montreal-premiere-of-chewdaism-a-taste-of-jewish-montreal\/","title":{"rendered":"La grande premi\u00e8re du film\u00a0CHEWDAISM :\u00a0A Taste of Jewish Montreal"},"content":{"rendered":"<p>Soyez des n\u00f4tres pour <strong>la grande premi\u00e8re montr\u00e9alaise du film Chewdaism\u00a0: A Taste of Jewish Montreal<\/strong>en compagnie des vedettes de la s\u00e9rie <a href=\"http:\/\/yidlifecrisis.com\/\" target=\"_blank\" rel=\"noopener noreferrer\" data-cke-saved-href=\"http:\/\/yidlifecrisis.com\/\">YidLife Crisis<\/a>.<\/p>\n<p>Film\u00e9 en une seule journ\u00e9e et 6 repas \u00ab\u00a0carbohydrat\u00e9s\u00a0\u00bb, ce documentaire conte l\u2019histoire des 100 derni\u00e8res ann\u00e9es du Montr\u00e9al Juif. Bien que <em>CHEWDAISM<\/em>a d\u00e9j\u00e0 \u00e9t\u00e9 pr\u00e9sent\u00e9 lors de plus de 20 festivals internationaux au cours des derniers mois, enfin il est de retour \u00e0 Montr\u00e9al\u2009!<\/p>\n<p>Au menu de cette soir\u00e9e hilarante\u00a0: <strong>invit\u00e9s sp\u00e9ciaux, musique \u00ab\u00a0live\u00a0\u00bb et, vous l\u2019avez devin\u00e9, de la bonne bouffe<\/strong>\u2009! (Repas et dessert inclus dans le prix du billet).<\/p>\n<p>Cet \u00e9v\u00e9nement aura lieu au <strong>Th\u00e9\u00e2tre Rialto (5723 Ave du Parc).<\/strong>\u00a0Les billets co\u00fbtent 25\u00a0$ et 18\u00a0$ pour les \u00e9tudiants (\u00e0 l&rsquo;avance) et peuvent \u00eatre achet\u00e9s <a href=\"https:\/\/www.eventbrite.ca\/e\/montreal-premiere-of-chewdaism-a-taste-of-jewish-montreal-tickets-60228172084?aff=efbeventtix&amp;fbclid=IwAR1ssQfjfBUmeINxmBedEhlXhwfpbpFuVrQwcn6f7tweJ3rKMFmZK8bvzLg\" target=\"_blank\" rel=\"noopener noreferrer\" data-cke-saved-href=\"https:\/\/www.eventbrite.ca\/e\/montreal-premiere-of-chewdaism-a-taste-of-jewish-montreal-tickets-60228172084?aff=efbeventtix&amp;fbclid=IwAR1ssQfjfBUmeINxmBedEhlXhwfpbpFuVrQwcn6f7tweJ3rKMFmZK8bvzLg\">ici<\/a>.<\/p>\n","protected":false},"excerpt":{"rendered":"<p>Soyez des n\u00f4tres pour la grande premi\u00e8re montr\u00e9alaise du film Chewdaism\u00a0: A Taste of Jewish Montrealen compagnie des vedettes de la s\u00e9rie YidLife Crisis. Film\u00e9 en une seule journ\u00e9e et 6 repas \u00ab\u00a0carbohydrat\u00e9s\u00a0\u00bb, ce documentaire conte l\u2019histoire des 100 derni\u00e8res ann\u00e9es du Montr\u00e9al Juif. Bien que CHEWDAISMa d\u00e9j\u00e0 \u00e9t\u00e9 pr\u00e9sent\u00e9&#8230;<\/p>\n","protected":false},"author":5,"featured_media":34437,"template":"","meta":{"_tribe_events_status":"","_tribe_events_status_reason":"","footnotes":""},"tags":[],"tribe_events_cat":[],"class_list":["post-34450","tribe_events","type-tribe_events","status-publish","has-post-thumbnail"],"_links":{"self":[{"href":"https:\/\/museemontrealjuif.ca\/fr\/wp-json\/wp\/v2\/tribe_events\/34450","targetHints":{"allow":["GET"]}}],"collection":[{"href":"https:\/\/museemontrealjuif.ca\/fr\/wp-json\/wp\/v2\/tribe_events"}],"about":[{"href":"https:\/\/museemontrealjuif.ca\/fr\/wp-json\/wp\/v2\/types\/tribe_events"}],"author":[{"embeddable":true,"href":"https:\/\/museemontrealjuif.ca\/fr\/wp-json\/wp\/v2\/users\/5"}],"version-history":[{"count":0,"href":"https:\/\/museemontrealjuif.ca\/fr\/wp-json\/wp\/v2\/tribe_events\/34450\/revisions"}],"wp:featuredmedia":[{"embeddable":true,"href":"https:\/\/museemontrealjuif.ca\/fr\/wp-json\/wp\/v2\/media\/34437"}],"wp:attachment":[{"href":"https:\/\/museemontrealjuif.ca\/fr\/wp-json\/wp\/v2\/media?parent=34450"}],"wp:term":[{"taxonomy":"post_tag","embeddable":true,"href":"https:\/\/museemontrealjuif.ca\/fr\/wp-json\/wp\/v2\/tags?post=34450"},{"taxonomy":"tribe_events_cat","embeddable":true,"href":"https:\/\/museemontrealjuif.ca\/fr\/wp-json\/wp\/v2\/tribe_events_cat?post=34450"}],"curies":[{"name":"wp","href":"https:\/\/api.w.org\/{rel}","templated":true}]}}

La grande première du film CHEWDAISM : A Taste of Jewish Montreal

<p>Soyez des nôtres pour <strong>la grande première montréalaise du film Chewdaism : A Taste of Jewish Montreal</strong>en compagnie des vedettes de la série <a href="http://yidlifecrisis.com/" target="_blank" rel="noopener noreferrer" data-cke-saved-href="http://yidlifecrisis.com/">YidLife Crisis</a>.</p>
<p>Filmé en une seule journée et 6 repas « carbohydratés », ce documentaire conte l’histoire des 100 dernières années du Montréal Juif. Bien que <em>CHEWDAISM</em>a déjà été présenté lors de plus de 20 festivals internationaux au cours des derniers mois, enfin il est de retour à Montréal !</p>
<p>Au menu de cette soirée hilarante : <strong>invités spéciaux, musique « live » et, vous l’avez deviné, de la bonne bouffe</strong> ! (Repas et dessert inclus dans le prix du billet).</p>
<p>Cet événement aura lieu au <strong>Théâtre Rialto (5723 Ave du Parc).</strong> Les billets coûtent 25 $ et 18 $ pour les étudiants (à l&rsquo;avance) et peuvent être achetés <a href="https://www.eventbrite.ca/e/montreal-premiere-of-chewdaism-a-taste-of-jewish-montreal-tickets-60228172084?aff=efbeventtix&amp;fbclid=IwAR1ssQfjfBUmeINxmBedEhlXhwfpbpFuVrQwcn6f7tweJ3rKMFmZK8bvzLg" target="_blank" rel="noopener noreferrer" data-cke-saved-href="https://www.eventbrite.ca/e/montreal-premiere-of-chewdaism-a-taste-of-jewish-montreal-tickets-60228172084?aff=efbeventtix&amp;fbclid=IwAR1ssQfjfBUmeINxmBedEhlXhwfpbpFuVrQwcn6f7tweJ3rKMFmZK8bvzLg">ici</a>.</p>

<p>Soyez des nôtres pour la grande première montréalaise du film Chewdaism : A Taste of Jewish Montrealen compagnie des vedettes de la série YidLife Crisis. Filmé en une seule journée et 6 repas « carbohydratés », ce documentaire conte l’histoire des 100 dernières années du Montréal Juif. Bien que CHEWDAISMa déjà été présenté&#8230;</p>
