{"id":35300,"date":"2019-08-28T15:57:08","date_gmt":"2019-08-28T15:57:08","guid":{"rendered":"https:\/\/museemontrealjuif.ca\/event\/klezmer-on-the-main-outdoor-concert-street-festival\/"},"modified":"2019-08-28T15:57:08","modified_gmt":"2019-08-28T15:57:08","slug":"klezmer-on-the-main-outdoor-concert-street-festival","status":"publish","type":"tribe_events","link":"https:\/\/museemontrealjuif.ca\/fr\/event\/klezmer-on-the-main-outdoor-concert-street-festival\/","title":{"rendered":"Klezmer sur la Main: Concert en plein air et foire de rue"},"content":{"rendered":"<p>Rejoignez-nous et <a href=\"https:\/\/www.facebook.com\/klezkanada\/\" target=\"_blank\" rel=\"noopener noreferrer\" data-cke-saved-href=\"https:\/\/www.facebook.com\/klezkanada\/\">KlezKanada<\/a>\u00a0lors du week-end de la F\u00eate du Travail afin d\u2019accueillir les musiciens autrichiens <strong><a href=\"http:\/\/moritzweiss.at\/duo-trenev-weiss\/\" target=\"_blank\" rel=\"noopener noreferrer\" data-cke-saved-href=\"http:\/\/moritzweiss.at\/duo-trenev-weiss\/\">Moritz Weiss et Ivan Trenev<\/a><\/strong>pour un <strong>concert de klezmer gratuit en plein air <\/strong>situ\u00e9 sur le boulevard Saint-Laurent\u2009!<\/p>\n<p>Le dimanche 1er septembre, de 13h \u00e0 14h, un <strong>concert en direct <\/strong>aura lieu \u00e0 quelques pas de notre mus\u00e9e. Notre kiosque sera ouvert du jeudi au dimanche, de 11h30 \u00e0 18h30 o\u00f9 vous pouvez <strong>magasiner de charmants cadeaux de notre boutique et d\u00e9guster de bouch\u00e9es rafraichissantes de <a href=\"https:\/\/www.facebook.com\/fletchersmontreal\/\" target=\"_blank\" rel=\"noopener noreferrer\" data-cke-saved-href=\"https:\/\/www.facebook.com\/fletchersmontreal\/\">Fletchers<\/a><\/strong>.<\/p>\n","protected":false},"excerpt":{"rendered":"<p>Rejoignez-nous et KlezKanada\u00a0lors du week-end de la F\u00eate du Travail afin d\u2019accueillir les musiciens autrichiens Moritz Weiss et Ivan Trenevpour un concert de klezmer gratuit en plein air situ\u00e9 sur le boulevard Saint-Laurent\u2009! Le dimanche 1er septembre, de 13h \u00e0 14h, un concert en direct aura lieu \u00e0 quelques pas&#8230;<\/p>\n","protected":false},"author":5,"featured_media":35267,"template":"","meta":{"_tribe_events_status":"","_tribe_events_status_reason":"","footnotes":""},"tags":[],"tribe_events_cat":[],"class_list":["post-35300","tribe_events","type-tribe_events","status-publish","has-post-thumbnail"],"_links":{"self":[{"href":"https:\/\/museemontrealjuif.ca\/fr\/wp-json\/wp\/v2\/tribe_events\/35300","targetHints":{"allow":["GET"]}}],"collection":[{"href":"https:\/\/museemontrealjuif.ca\/fr\/wp-json\/wp\/v2\/tribe_events"}],"about":[{"href":"https:\/\/museemontrealjuif.ca\/fr\/wp-json\/wp\/v2\/types\/tribe_events"}],"author":[{"embeddable":true,"href":"https:\/\/museemontrealjuif.ca\/fr\/wp-json\/wp\/v2\/users\/5"}],"version-history":[{"count":0,"href":"https:\/\/museemontrealjuif.ca\/fr\/wp-json\/wp\/v2\/tribe_events\/35300\/revisions"}],"wp:featuredmedia":[{"embeddable":true,"href":"https:\/\/museemontrealjuif.ca\/fr\/wp-json\/wp\/v2\/media\/35267"}],"wp:attachment":[{"href":"https:\/\/museemontrealjuif.ca\/fr\/wp-json\/wp\/v2\/media?parent=35300"}],"wp:term":[{"taxonomy":"post_tag","embeddable":true,"href":"https:\/\/museemontrealjuif.ca\/fr\/wp-json\/wp\/v2\/tags?post=35300"},{"taxonomy":"tribe_events_cat","embeddable":true,"href":"https:\/\/museemontrealjuif.ca\/fr\/wp-json\/wp\/v2\/tribe_events_cat?post=35300"}],"curies":[{"name":"wp","href":"https:\/\/api.w.org\/{rel}","templated":true}]}}

<p>Rejoignez-nous et <a href="https://www.facebook.com/klezkanada/" target="_blank" rel="noopener noreferrer" data-cke-saved-href="https://www.facebook.com/klezkanada/">KlezKanada</a> lors du week-end de la Fête du Travail afin d’accueillir les musiciens autrichiens <strong><a href="http://moritzweiss.at/duo-trenev-weiss/" target="_blank" rel="noopener noreferrer" data-cke-saved-href="http://moritzweiss.at/duo-trenev-weiss/">Moritz Weiss et Ivan Trenev</a></strong>pour un <strong>concert de klezmer gratuit en plein air </strong>situé sur le boulevard Saint-Laurent !</p>
<p>Le dimanche 1er septembre, de 13h à 14h, un <strong>concert en direct </strong>aura lieu à quelques pas de notre musée. Notre kiosque sera ouvert du jeudi au dimanche, de 11h30 à 18h30 où vous pouvez <strong>magasiner de charmants cadeaux de notre boutique et déguster de bouchées rafraichissantes de <a href="https://www.facebook.com/fletchersmontreal/" target="_blank" rel="noopener noreferrer" data-cke-saved-href="https://www.facebook.com/fletchersmontreal/">Fletchers</a></strong>.</p>

<p>Rejoignez-nous et KlezKanada lors du week-end de la Fête du Travail afin d’accueillir les musiciens autrichiens Moritz Weiss et Ivan Trenevpour un concert de klezmer gratuit en plein air situé sur le boulevard Saint-Laurent ! Le dimanche 1er septembre, de 13h à 14h, un concert en direct aura lieu à quelques pas&#8230;</p>
