{"id":35622,"date":"2019-11-06T19:09:47","date_gmt":"2019-11-06T19:09:47","guid":{"rendered":"https:\/\/museemontrealjuif.ca\/event\/hanukkah-market-2\/"},"modified":"2019-11-06T19:09:47","modified_gmt":"2019-11-06T19:09:47","slug":"hanukkah-market-2","status":"publish","type":"tribe_events","link":"https:\/\/museemontrealjuif.ca\/fr\/event\/hanukkah-market-2\/","title":{"rendered":"March\u00e9 de Hanoukka!"},"content":{"rendered":"<p>Pour la troisi\u00e8me ann\u00e9e, la March\u00e9 de Hanoukka au Mus\u00e9e du Montr\u00e9al juif retournera!<\/p>\n<p>Venez trouver le cadeau parfait (pour vos proches\u2026ou vous-m\u00eame), visitez la table du PJ Library pour les p&rsquo;tits visiteurs du march\u00e9, go\u00fbter aux d\u00e9lices de Hanoukka de <a href=\"https:\/\/www.facebook.com\/fletchersmontreal\/\" target=\"_blank\" rel=\"noopener noreferrer\">Fletchers &#8211; Espace Culinaire<\/a> et laisser l&rsquo;esprit des f\u00eates vous emporter!<\/p>\n<p>Dimanche le 8 d\u00e9cembre et dimanche le 15 d\u00e9cembre, des artisans et des cr\u00e9ateurs locaux vous attendent au 4040 boulevard St-Laurent de 11h00 \u00e0 18h00 (oui, nous prolongeons nos heures d\u2019ouverture pour cette occasion!)<\/p>\n<p>De plus, notre nouvelle exposition <em>Retour \u00e0 la Forteresse<\/em> sera ouverte pendant le march\u00e9.<\/p>\n","protected":false},"excerpt":{"rendered":"<p>Pour la troisi\u00e8me ann\u00e9e, la March\u00e9 de Hanoukka au Mus\u00e9e du Montr\u00e9al juif retournera! Venez trouver le cadeau parfait (pour vos proches\u2026ou vous-m\u00eame), visitez la table du PJ Library pour les p&rsquo;tits visiteurs du march\u00e9, go\u00fbter aux d\u00e9lices de Hanoukka de Fletchers &#8211; Espace Culinaire et laisser l&rsquo;esprit des f\u00eates&#8230;<\/p>\n","protected":false},"author":5,"featured_media":35620,"template":"","meta":{"_tribe_events_status":"","_tribe_events_status_reason":"","footnotes":""},"tags":[],"tribe_events_cat":[],"class_list":["post-35622","tribe_events","type-tribe_events","status-publish","has-post-thumbnail"],"_links":{"self":[{"href":"https:\/\/museemontrealjuif.ca\/fr\/wp-json\/wp\/v2\/tribe_events\/35622","targetHints":{"allow":["GET"]}}],"collection":[{"href":"https:\/\/museemontrealjuif.ca\/fr\/wp-json\/wp\/v2\/tribe_events"}],"about":[{"href":"https:\/\/museemontrealjuif.ca\/fr\/wp-json\/wp\/v2\/types\/tribe_events"}],"author":[{"embeddable":true,"href":"https:\/\/museemontrealjuif.ca\/fr\/wp-json\/wp\/v2\/users\/5"}],"version-history":[{"count":0,"href":"https:\/\/museemontrealjuif.ca\/fr\/wp-json\/wp\/v2\/tribe_events\/35622\/revisions"}],"wp:featuredmedia":[{"embeddable":true,"href":"https:\/\/museemontrealjuif.ca\/fr\/wp-json\/wp\/v2\/media\/35620"}],"wp:attachment":[{"href":"https:\/\/museemontrealjuif.ca\/fr\/wp-json\/wp\/v2\/media?parent=35622"}],"wp:term":[{"taxonomy":"post_tag","embeddable":true,"href":"https:\/\/museemontrealjuif.ca\/fr\/wp-json\/wp\/v2\/tags?post=35622"},{"taxonomy":"tribe_events_cat","embeddable":true,"href":"https:\/\/museemontrealjuif.ca\/fr\/wp-json\/wp\/v2\/tribe_events_cat?post=35622"}],"curies":[{"name":"wp","href":"https:\/\/api.w.org\/{rel}","templated":true}]}}

Marché de Hanoukka!

<p>Pour la troisième année, la Marché de Hanoukka au Musée du Montréal juif retournera!</p>
<p>Venez trouver le cadeau parfait (pour vos proches…ou vous-même), visitez la table du PJ Library pour les p&rsquo;tits visiteurs du marché, goûter aux délices de Hanoukka de <a href="https://www.facebook.com/fletchersmontreal/" target="_blank" rel="noopener noreferrer">Fletchers &#8211; Espace Culinaire</a> et laisser l&rsquo;esprit des fêtes vous emporter!</p>
<p>Dimanche le 8 décembre et dimanche le 15 décembre, des artisans et des créateurs locaux vous attendent au 4040 boulevard St-Laurent de 11h00 à 18h00 (oui, nous prolongeons nos heures d’ouverture pour cette occasion!)</p>
<p>De plus, notre nouvelle exposition <em>Retour à la Forteresse</em> sera ouverte pendant le marché.</p>

<p>Pour la troisième année, la Marché de Hanoukka au Musée du Montréal juif retournera! Venez trouver le cadeau parfait (pour vos proches…ou vous-même), visitez la table du PJ Library pour les p&rsquo;tits visiteurs du marché, goûter aux délices de Hanoukka de Fletchers &#8211; Espace Culinaire et laisser l&rsquo;esprit des fêtes&#8230;</p>
