{"id":39671,"date":"2022-01-31T18:50:05","date_gmt":"2022-01-31T18:50:05","guid":{"rendered":"https:\/\/museemontrealjuif.ca\/event\/needlework-from-factory-to-living-room-un-atelier-de-broderie\/"},"modified":"2022-01-31T18:50:05","modified_gmt":"2022-01-31T18:50:05","slug":"needlework-from-factory-to-living-room-un-atelier-de-broderie","status":"publish","type":"tribe_events","link":"https:\/\/museemontrealjuif.ca\/fr\/event\/needlework-from-factory-to-living-room-un-atelier-de-broderie\/","title":{"rendered":"Needlework, From Factory to Living Room : Un atelier de broderie avec Claire Sigal"},"content":{"rendered":"<p style=\"text-align: center;\"><strong>Les travaux d&rsquo;aiguille sont tiss\u00e9s dans l&rsquo;art et la culture juifs. C&rsquo;est la terre fertile du mysticisme et de la cr\u00e9ativit\u00e9 &#8211; il ne suffit pas de regarder et de lire pour savoir pourquoi.\u00a0<\/strong>Le dimanche 13 f\u00e9vrier, rejoignez Claire Sigal pour pratiquer et r\u00e9fl\u00e9chir \u00e0 l&rsquo;histoire des travaux d&rsquo;aiguille juifs.<\/p>\n<p style=\"text-align: center;\">Dans le cadre de l&rsquo;\u00e9thique du\u00a0<em>Tikkun Olam<\/em>\u00a0(\u00ab\u00a0r\u00e9parer le monde\u00a0\u00bb) et \u00e0 travers une approche m\u00e9ditative de la cr\u00e9ation, Claire partagera l&rsquo;histoire du travail du v\u00eatement juif et la mani\u00e8re dont tant de cr\u00e9ativit\u00e9 en est issue &#8211; y compris sa propre arri\u00e8re-grand-m\u00e8re, qui travaillait comme ouvri\u00e8re du v\u00eatement \u00e0 Montr\u00e9al. Les participants sont invit\u00e9s \u00e0 s&rsquo;engager dans la broderie, mais sont \u00e9galement invit\u00e9s \u00e0 s&rsquo;asseoir et \u00e0 \u00e9couter Claire partager avec nous cette riche histoire. Nous apprendrons l&rsquo;histoire du syndicat des travailleurs du v\u00eatement, leurs implications litt\u00e9raires et musicales, ainsi que leurs communaut\u00e9s et leurs familles \u00e0 Montr\u00e9al et ailleurs.<\/p>\n<p style=\"text-align: center;\">Vers la fin de la soir\u00e9e, une s\u00e9ance de questions et r\u00e9ponses invitera les participants \u00e0 partager leurs curiosit\u00e9s avec Claire, qui apporte une connaissance globale de l&rsquo;industrie juive du v\u00eatement et des liens culturels qui y sont associ\u00e9s.<\/p>\n<p style=\"text-align: center;\">Une liste de mat\u00e9riel sera fournie aux participants \u00e0 l&rsquo;avance pour ceux qui souhaitent se joindre \u00e0 l&rsquo;atelier de couture, ainsi qu&rsquo;un mod\u00e8le de broderie pr\u00e9par\u00e9 par Claire, bas\u00e9 sur un ouvrage de son arri\u00e8re-grand-m\u00e8re.<\/p>\n<p style=\"text-align: center;\"><strong><a href=\"https:\/\/jlive.app\/fr\/events\/1583\"><em>Inscrivez-vous sur JLive maintenant pour reserver votre place.\u00a0<\/em><\/a><\/strong><\/p>\n<p style=\"text-align: center;\"><strong>\u00c0 propos de Claire :\u00a0<\/strong><\/p>\n<p style=\"text-align: center;\">Claire Sigal est une chercheuse et une artiste \u00e9mergente de Montr\u00e9al. Ses \u00e9crits ont \u00e9t\u00e9 publi\u00e9s dans Yiara, CUJAH et d&rsquo;autres publications. En 2021, Claire a particip\u00e9 \u00e0 un stage au\u00a0<a href=\"https:\/\/cja.huji.ac.il\/\" rel=\"noopener noreferrer\">Center for Jewish Art<\/a>\u00a0(CJA) \u00e0 J\u00e9rusalem. Elle fait partie de la cohorte de micro-subventions 2021-2022 pour l&rsquo;exploration cr\u00e9ative ou culturelle au Mus\u00e9e du Montr\u00e9al juif, \u00e0 partir de laquelle cet atelier a \u00e9t\u00e9 d\u00e9velopp\u00e9.<\/p>\n<p style=\"text-align: center;\"><em>Cet \u00e9v\u00e9nement fait partie du programme de micro-subvention pour l&rsquo;exploration cr\u00e9ative ou culturelle du Mus\u00e9e du Montr\u00e9al juif, qui est financ\u00e9 par le Fonds d&rsquo;innovation pour la communaut\u00e9 du R\u00e9seau des groupes communautaires du Qu\u00e9bec. Nous remercions \u00e9galement la\u00a0<\/em><a href=\"https:\/\/jewishpubliclibrary.org\/fr\/\" rel=\"noopener noreferrer\"><em>Biblioth\u00e8que publique juive<\/em><\/a><em>\u00a0pour son partenariat.\u00a0Veuillez noter que cet \u00e9v\u00e9nement se d\u00e9roulera en anglais.<\/em><\/p>\n","protected":false},"excerpt":{"rendered":"<p>Les travaux d&rsquo;aiguille sont tiss\u00e9s dans l&rsquo;art et la culture juifs. C&rsquo;est la terre fertile du mysticisme et de la cr\u00e9ativit\u00e9 &#8211; il ne suffit pas de regarder et de lire pour savoir pourquoi.\u00a0Le dimanche 13 f\u00e9vrier, rejoignez Claire Sigal pour pratiquer et r\u00e9fl\u00e9chir \u00e0 l&rsquo;histoire des travaux d&rsquo;aiguille juifs&#8230;.<\/p>\n","protected":false},"author":5,"featured_media":39666,"template":"","meta":{"_tribe_events_status":"","_tribe_events_status_reason":"","footnotes":""},"tags":[],"tribe_events_cat":[77],"class_list":["post-39671","tribe_events","type-tribe_events","status-publish","has-post-thumbnail","tribe_events_cat-microgrants-fr","cat_microgrants-fr"],"_links":{"self":[{"href":"https:\/\/museemontrealjuif.ca\/fr\/wp-json\/wp\/v2\/tribe_events\/39671","targetHints":{"allow":["GET"]}}],"collection":[{"href":"https:\/\/museemontrealjuif.ca\/fr\/wp-json\/wp\/v2\/tribe_events"}],"about":[{"href":"https:\/\/museemontrealjuif.ca\/fr\/wp-json\/wp\/v2\/types\/tribe_events"}],"author":[{"embeddable":true,"href":"https:\/\/museemontrealjuif.ca\/fr\/wp-json\/wp\/v2\/users\/5"}],"version-history":[{"count":0,"href":"https:\/\/museemontrealjuif.ca\/fr\/wp-json\/wp\/v2\/tribe_events\/39671\/revisions"}],"wp:featuredmedia":[{"embeddable":true,"href":"https:\/\/museemontrealjuif.ca\/fr\/wp-json\/wp\/v2\/media\/39666"}],"wp:attachment":[{"href":"https:\/\/museemontrealjuif.ca\/fr\/wp-json\/wp\/v2\/media?parent=39671"}],"wp:term":[{"taxonomy":"post_tag","embeddable":true,"href":"https:\/\/museemontrealjuif.ca\/fr\/wp-json\/wp\/v2\/tags?post=39671"},{"taxonomy":"tribe_events_cat","embeddable":true,"href":"https:\/\/museemontrealjuif.ca\/fr\/wp-json\/wp\/v2\/tribe_events_cat?post=39671"}],"curies":[{"name":"wp","href":"https:\/\/api.w.org\/{rel}","templated":true}]}}

<p style="text-align: center;"><strong>Les travaux d&rsquo;aiguille sont tissés dans l&rsquo;art et la culture juifs. C&rsquo;est la terre fertile du mysticisme et de la créativité &#8211; il ne suffit pas de regarder et de lire pour savoir pourquoi. </strong>Le dimanche 13 février, rejoignez Claire Sigal pour pratiquer et réfléchir à l&rsquo;histoire des travaux d&rsquo;aiguille juifs.</p>
<p style="text-align: center;">Dans le cadre de l&rsquo;éthique du <em>Tikkun Olam</em> (« réparer le monde ») et à travers une approche méditative de la création, Claire partagera l&rsquo;histoire du travail du vêtement juif et la manière dont tant de créativité en est issue &#8211; y compris sa propre arrière-grand-mère, qui travaillait comme ouvrière du vêtement à Montréal. Les participants sont invités à s&rsquo;engager dans la broderie, mais sont également invités à s&rsquo;asseoir et à écouter Claire partager avec nous cette riche histoire. Nous apprendrons l&rsquo;histoire du syndicat des travailleurs du vêtement, leurs implications littéraires et musicales, ainsi que leurs communautés et leurs familles à Montréal et ailleurs.</p>
<p style="text-align: center;">Vers la fin de la soirée, une séance de questions et réponses invitera les participants à partager leurs curiosités avec Claire, qui apporte une connaissance globale de l&rsquo;industrie juive du vêtement et des liens culturels qui y sont associés.</p>
<p style="text-align: center;">Une liste de matériel sera fournie aux participants à l&rsquo;avance pour ceux qui souhaitent se joindre à l&rsquo;atelier de couture, ainsi qu&rsquo;un modèle de broderie préparé par Claire, basé sur un ouvrage de son arrière-grand-mère.</p>
<p style="text-align: center;"><strong><a href="https://jlive.app/fr/events/1583"><em>Inscrivez-vous sur JLive maintenant pour reserver votre place. </em></a></strong></p>
<p style="text-align: center;"><strong>À propos de Claire : </strong></p>
<p style="text-align: center;">Claire Sigal est une chercheuse et une artiste émergente de Montréal. Ses écrits ont été publiés dans Yiara, CUJAH et d&rsquo;autres publications. En 2021, Claire a participé à un stage au <a href="https://cja.huji.ac.il/" rel="noopener noreferrer">Center for Jewish Art</a> (CJA) à Jérusalem. Elle fait partie de la cohorte de micro-subventions 2021-2022 pour l&rsquo;exploration créative ou culturelle au Musée du Montréal juif, à partir de laquelle cet atelier a été développé.</p>
<p style="text-align: center;"><em>Cet événement fait partie du programme de micro-subvention pour l&rsquo;exploration créative ou culturelle du Musée du Montréal juif, qui est financé par le Fonds d&rsquo;innovation pour la communauté du Réseau des groupes communautaires du Québec. Nous remercions également la </em><a href="https://jewishpubliclibrary.org/fr/" rel="noopener noreferrer"><em>Bibliothèque publique juive</em></a><em> pour son partenariat. Veuillez noter que cet événement se déroulera en anglais.</em></p>

<p>Les travaux d&rsquo;aiguille sont tissés dans l&rsquo;art et la culture juifs. C&rsquo;est la terre fertile du mysticisme et de la créativité &#8211; il ne suffit pas de regarder et de lire pour savoir pourquoi. Le dimanche 13 février, rejoignez Claire Sigal pour pratiquer et réfléchir à l&rsquo;histoire des travaux d&rsquo;aiguille juifs&#8230;.</p>
