{"id":40500,"date":"2022-10-04T14:21:00","date_gmt":"2022-10-04T14:21:00","guid":{"rendered":"https:\/\/museemontrealjuif.ca\/event\/imaginer-un-queer-eruv-une-conversation-octobre\/"},"modified":"2022-10-04T14:21:00","modified_gmt":"2022-10-04T14:21:00","slug":"imaginer-un-queer-eruv-une-conversation-octobre","status":"publish","type":"tribe_events","link":"https:\/\/museemontrealjuif.ca\/fr\/event\/imaginer-un-queer-eruv-une-conversation-octobre\/","title":{"rendered":"Imaginer un \u00e9rouv queer : une conversation \u00e0 pied"},"content":{"rendered":"<p style=\"text-align: center;\"><strong>Le 19 octobre, joignez-vous \u00e0 nous pour une \u00e9dition automnale d&rsquo;<em>imaginer un \u00e9rouv queer : une conversation \u00e0 pied<\/em><\/strong>avec l&rsquo;artiste et chercheur Iso E. Setel. Partant du Parc St-Viateur \u00e0 Outremont, cette conversation guid\u00e9e nous m\u00e8nera \u00e0 travers le Mile-End en empruntant les ruelles et les chemins en boucle du quartier. Tout au long de la marche, Iso partagera ses recherches et le travail qui a \u00e9t\u00e9 n\u00e9cessaire \u00e0 la cr\u00e9ation de son livre, <em>Eruv: Queer Installations of Jewish Space<\/em> , tout en invitant les participants \u00e0 r\u00e9fl\u00e9chir et \u00e0 partager leurs exp\u00e9riences dans les espaces queer et juifs \u00e0 Montr\u00e9al et au-del\u00e0.<\/p>\n<p style=\"text-align: center;\">Cette balade et son livre associ\u00e9 examinent la mani\u00e8re dont les eruvin fonctionnent comme des objets queer, dissolvant les distinctions entre le public et le priv\u00e9 et reconditionnant les relations spatiales. <em>Eruv<\/em> associe du texte, des photographies et des cartes d\u00e9coup\u00e9es sur papier de terrains rituels pour expliquer comment l&rsquo;erouvin pourrait \u00eatre utilis\u00e9 comme technologie rituelle dans des projets de lib\u00e9ration queer et de formation communautaire.<\/p>\n<p style=\"text-align: center;\"><strong>Pour co\u00efncider avec notre exposition en cours <em>Intimit\u00e9 publique &#8211; <\/em>qui explore des th\u00e8mes similaires \u00e0 ceux du livre d&rsquo;Iso &#8211; la tourn\u00e9e se terminera au Mus\u00e9e juif de Montr\u00e9al, au 5220 boul. St-Laurent<\/strong>o\u00f9 les visiteurs seront invit\u00e9s \u00e0 voir l&rsquo;exposition et \u00e0 r\u00e9fl\u00e9chir \u00e0 des concepts communs.<\/p>\n<p style=\"text-align: center;\">Les billets co\u00fbtent 23 $ pour l&rsquo;admission g\u00e9n\u00e9rale et 12 $ pour les \u00e9tudiants, plus les taxes applicables.<\/p>\n<p style=\"text-align: center;\">\n            <a href=\"https:\/\/jlive.app\/events\/2999\"><br \/>\n              <strong>Cliquez ici pour r\u00e9server votre place. <\/strong><br \/>\n            <\/a>\n          <\/p>\n<p style=\"text-align: center;\"><strong><em>Veuillez noter <\/em><\/strong><em>qu&rsquo;il s&rsquo;agit de la troisi\u00e8me pr\u00e9sentation de cet \u00e9v\u00e9nement et que la capacit\u00e9 est limit\u00e9e. Nous vous encourageons donc \u00e0 vous inscrire rapidement pour \u00e9viter toute d\u00e9ception. Copies de <\/em>Eruv: Notes on Queer Installations of Jewish Space <em>sera disponible \u00e0 l&rsquo;achat \u00e0 la fin de la partie de marche, 5 $ ou payez ce que vous pouvez. Les profits de la vente de livres seront remis \u00e0 des projets qui soutiennent les jeunes queer \u00e0 Montr\u00e9al. Des livres sont \u00e9galement disponibles pour ceux qui ne peuvent pas y assister. Envoyer un e-mail \u00e0 Iso \u00e0 <\/em><a href=\"mailto:iso.setel@gmail.com\" rel=\"noopener noreferrer\"><em>iso.setel@gmail.com<\/em><\/a> <em>pour demander une copie.<\/em> <\/p>\n<p style=\"text-align: center;\">\n            <strong>A propos de l&rsquo;Iso :<\/strong>\n          <\/p>\n<p style=\"text-align: center;\"><a href=\"https:\/\/www.isosetel.com\/\" rel=\"noopener noreferrer\">Iso E. Setel<\/a> est un cin\u00e9aste et un artiste interdisciplinaire bas\u00e9 \u00e0 Montr\u00e9al \/ Tiohti\u00e1:ke depuis 2017. Utilisant des images en mouvement, du texte et des textiles, leur travail aborde les questions de visibilit\u00e9, de sens et de m\u00e9moire dans le film documentaire et l&rsquo;installation. Leur travail a \u00e9t\u00e9 expos\u00e9 aux \u00c9tats-Unis et au Canada, plus r\u00e9cemment dans le cadre d&rsquo;IGNITION &rsquo;16 \u00e0 la Leonard &amp; Bina Ellen Gallery en 2020. Originaire de Buffalo, New York, Iso a obtenu un baccalaur\u00e9at en \u00e9tudes politiques et arts m\u00e9diatiques \u00e9lectroniques de Simon&rsquo;s Rock en 2017 et une ma\u00eetrise en production cin\u00e9matographique de l&rsquo;Universit\u00e9 Concordia en 2021.<\/p>\n<p style=\"text-align: left;\">\n            <strong>Cr\u00e9dits d&rsquo;image :<\/strong>\n          <\/p>\n<ol>\n<li style=\"text-align: left;\">Image centrale (arbres avec ciel) avec l&rsquo;aimable autorisation d&rsquo;Iso E. Setel.<\/li>\n<li style=\"text-align: left;\">Image de fond (rideau de dentelle) avec l&rsquo;aimable autorisation de Johannes Mundinger et Sophia Hirsch (artistes d&rsquo;<em>Intimit\u00e9 publique<\/em>).<\/li>\n<\/ol>\n","protected":false},"excerpt":{"rendered":"<p>Le 19 octobre, joignez-vous \u00e0 nous pour une \u00e9dition automnale d&rsquo;imaginer un \u00e9rouv queer : une conversation \u00e0 piedavec l&rsquo;artiste et chercheur Iso E. Setel. Partant du Parc St-Viateur \u00e0 Outremont, cette conversation guid\u00e9e nous m\u00e8nera \u00e0 travers le Mile-End en empruntant les ruelles et les chemins en boucle du&#8230;<\/p>\n","protected":false},"author":5,"featured_media":40497,"template":"","meta":{"_tribe_events_status":"","_tribe_events_status_reason":"","footnotes":""},"tags":[],"tribe_events_cat":[77],"class_list":["post-40500","tribe_events","type-tribe_events","status-publish","has-post-thumbnail","tribe_events_cat-microgrants-fr","cat_microgrants-fr"],"_links":{"self":[{"href":"https:\/\/museemontrealjuif.ca\/fr\/wp-json\/wp\/v2\/tribe_events\/40500","targetHints":{"allow":["GET"]}}],"collection":[{"href":"https:\/\/museemontrealjuif.ca\/fr\/wp-json\/wp\/v2\/tribe_events"}],"about":[{"href":"https:\/\/museemontrealjuif.ca\/fr\/wp-json\/wp\/v2\/types\/tribe_events"}],"author":[{"embeddable":true,"href":"https:\/\/museemontrealjuif.ca\/fr\/wp-json\/wp\/v2\/users\/5"}],"version-history":[{"count":0,"href":"https:\/\/museemontrealjuif.ca\/fr\/wp-json\/wp\/v2\/tribe_events\/40500\/revisions"}],"wp:featuredmedia":[{"embeddable":true,"href":"https:\/\/museemontrealjuif.ca\/fr\/wp-json\/wp\/v2\/media\/40497"}],"wp:attachment":[{"href":"https:\/\/museemontrealjuif.ca\/fr\/wp-json\/wp\/v2\/media?parent=40500"}],"wp:term":[{"taxonomy":"post_tag","embeddable":true,"href":"https:\/\/museemontrealjuif.ca\/fr\/wp-json\/wp\/v2\/tags?post=40500"},{"taxonomy":"tribe_events_cat","embeddable":true,"href":"https:\/\/museemontrealjuif.ca\/fr\/wp-json\/wp\/v2\/tribe_events_cat?post=40500"}],"curies":[{"name":"wp","href":"https:\/\/api.w.org\/{rel}","templated":true}]}}

Imaginer un érouv queer : une conversation à pied

<p style="text-align: center;"><strong>Le 19 octobre, joignez-vous à nous pour une édition automnale d&rsquo;<em>imaginer un érouv queer : une conversation à pied</em></strong>avec l&rsquo;artiste et chercheur Iso E. Setel. Partant du Parc St-Viateur à Outremont, cette conversation guidée nous mènera à travers le Mile-End en empruntant les ruelles et les chemins en boucle du quartier. Tout au long de la marche, Iso partagera ses recherches et le travail qui a été nécessaire à la création de son livre, <em>Eruv: Queer Installations of Jewish Space</em> , tout en invitant les participants à réfléchir et à partager leurs expériences dans les espaces queer et juifs à Montréal et au-delà.</p>
<p style="text-align: center;">Cette balade et son livre associé examinent la manière dont les eruvin fonctionnent comme des objets queer, dissolvant les distinctions entre le public et le privé et reconditionnant les relations spatiales. <em>Eruv</em> associe du texte, des photographies et des cartes découpées sur papier de terrains rituels pour expliquer comment l&rsquo;erouvin pourrait être utilisé comme technologie rituelle dans des projets de libération queer et de formation communautaire.</p>
<p style="text-align: center;"><strong>Pour coïncider avec notre exposition en cours <em>Intimité publique &#8211; </em>qui explore des thèmes similaires à ceux du livre d&rsquo;Iso &#8211; la tournée se terminera au Musée juif de Montréal, au 5220 boul. St-Laurent</strong>où les visiteurs seront invités à voir l&rsquo;exposition et à réfléchir à des concepts communs.</p>
<p style="text-align: center;">Les billets coûtent 23 $ pour l&rsquo;admission générale et 12 $ pour les étudiants, plus les taxes applicables.</p>
<p style="text-align: center;">
            <a href="https://jlive.app/events/2999"><br />
              <strong>Cliquez ici pour réserver votre place. </strong><br />
            </a>
          </p>
<p style="text-align: center;"><strong><em>Veuillez noter </em></strong><em>qu&rsquo;il s&rsquo;agit de la troisième présentation de cet événement et que la capacité est limitée. Nous vous encourageons donc à vous inscrire rapidement pour éviter toute déception. Copies de </em>Eruv: Notes on Queer Installations of Jewish Space <em>sera disponible à l&rsquo;achat à la fin de la partie de marche, 5 $ ou payez ce que vous pouvez. Les profits de la vente de livres seront remis à des projets qui soutiennent les jeunes queer à Montréal. Des livres sont également disponibles pour ceux qui ne peuvent pas y assister. Envoyer un e-mail à Iso à </em><a href="mailto:iso.setel@gmail.com" rel="noopener noreferrer"><em>iso.setel@gmail.com</em></a> <em>pour demander une copie.</em> </p>
<p style="text-align: center;">
            <strong>A propos de l&rsquo;Iso :</strong>
          </p>
<p style="text-align: center;"><a href="https://www.isosetel.com/" rel="noopener noreferrer">Iso E. Setel</a> est un cinéaste et un artiste interdisciplinaire basé à Montréal / Tiohtiá:ke depuis 2017. Utilisant des images en mouvement, du texte et des textiles, leur travail aborde les questions de visibilité, de sens et de mémoire dans le film documentaire et l&rsquo;installation. Leur travail a été exposé aux États-Unis et au Canada, plus récemment dans le cadre d&rsquo;IGNITION &rsquo;16 à la Leonard &amp; Bina Ellen Gallery en 2020. Originaire de Buffalo, New York, Iso a obtenu un baccalauréat en études politiques et arts médiatiques électroniques de Simon&rsquo;s Rock en 2017 et une maîtrise en production cinématographique de l&rsquo;Université Concordia en 2021.</p>
<p style="text-align: left;">
            <strong>Crédits d&rsquo;image :</strong>
          </p>
<ol>
<li style="text-align: left;">Image centrale (arbres avec ciel) avec l&rsquo;aimable autorisation d&rsquo;Iso E. Setel.</li>
<li style="text-align: left;">Image de fond (rideau de dentelle) avec l&rsquo;aimable autorisation de Johannes Mundinger et Sophia Hirsch (artistes d&rsquo;<em>Intimité publique</em>).</li>
</ol>

<p>Le 19 octobre, joignez-vous à nous pour une édition automnale d&rsquo;imaginer un érouv queer : une conversation à piedavec l&rsquo;artiste et chercheur Iso E. Setel. Partant du Parc St-Viateur à Outremont, cette conversation guidée nous mènera à travers le Mile-End en empruntant les ruelles et les chemins en boucle du&#8230;</p>
