{"id":41368,"date":"2023-03-28T17:35:40","date_gmt":"2023-03-28T17:35:40","guid":{"rendered":"https:\/\/museemontrealjuif.ca\/event\/how-to-hold-glass-projection\/"},"modified":"2023-03-28T17:37:41","modified_gmt":"2023-03-28T17:37:41","slug":"how-to-hold-glass-projection","status":"publish","type":"tribe_events","link":"https:\/\/museemontrealjuif.ca\/fr\/event\/how-to-hold-glass-projection\/","title":{"rendered":"How To Hold Glass : Projection d&rsquo;un documentaire"},"content":{"rendered":"<p style=\"text-align: center;\">\n            <strong><br \/>\n              <em>  \u00ab\u00a0Quelqu&rsquo;un peut-il trouver dans l&rsquo;air la capacit\u00e9 de construire une maison ? &#8211; Rabbi Yehoshua ben Chanania<\/em><br \/>\n            <\/strong>\n          <\/p>\n<p style=\"text-align: center;\">\u00c0 l&rsquo;automne 2020, Rach Klein a commenc\u00e9 \u00e0 trier les archives de leur p\u00e8re. Rach sorti des bo\u00eetes poussi\u00e9reuses de la salle des fours et se sont retrouv\u00e9s au milieu de centaines de diapositives, d&rsquo;heures de film, de notes et de lettres, qui t\u00e9moignent de la vie du ma\u00eetre verrier Toan Klein. N\u00e9 en 1949 \u00e0 Long Island, Toan a ensuite photographi\u00e9 des terres agricoles dans l&rsquo;Ohio, des verreries au Mexique et les montagnes des Appalaches avant d&rsquo;immigrer \u00e0 Montr\u00e9al en 1978 et de se frayer un chemin dans l&rsquo;histoire de l&rsquo;artisanat canadien. Au 10e \u00e9tage du 10, rue Ontario, avec des fen\u00eatres donnant sur la Place-des-Arts, Toan a install\u00e9 le premier studio d&rsquo;art en verre chaud \u00e0 Montr\u00e9al. Au cours des cinquante ann\u00e9es qui ont suivi, Toan a cr\u00e9\u00e9 des \u0153uvres extraordinaires qui \u00e9largissent les possibilit\u00e9s de la verrerie gr\u00e2ce \u00e0 la combinaison unique de la photographie et de la sculpture, et qui se trouvent dans des mus\u00e9es et des collections personnelles dans le monde entier.<\/p>\n<p style=\"text-align: center;\">M\u00e9ditant sur l&rsquo;alchimie de la fabrication du verre dans les contes juifs, <em>How To Hold Glass<\/em> est un documentaire exp\u00e9rimental r\u00e9alis\u00e9 \u00e0 partir de documents d&rsquo;archives et d&rsquo;entretiens contemporains.  <strong>Le 27 avril, rejoignez-nous pour une projection de film et une discussion avec l&rsquo;artiste, anim\u00e9e par Ara Osterweil.  <\/strong>Des boissons seront disponibles \u00e0 l&rsquo;achat \u00e0 notre bar (payable par carte uniquement).<\/p>\n<p style=\"text-align: center;\">\n            <a href=\"https:\/\/jlive.app\/events\/4353\"><br \/>\n              <span style=\"text-decoration: underline;\"><br \/>\n                <strong>Cliquez ici pour r\u00e9server votre billet gratuit.<\/strong><br \/>\n              <\/span><br \/>\n            <\/a>\n          <\/p>\n<p style=\"text-align: center;\"><em>Cet \u00e9v\u00e9nement s&rsquo;inscrit dans le cadre du Programme de micro-subventions pour l&rsquo;exploration cr\u00e9ative ou culturelle du Mus\u00e9e du Montr\u00e9al juif, qui est financ\u00e9 par le <\/em><a href=\"https:\/\/qcgn.ca\/community-innovation-fund\/\" target=\"_blank\" rel=\"noopener\"><em>CIF du QCGN<\/em><\/a><em>. Nous remercions \u00e9galement les  <\/em><a href=\"https:\/\/jcfmontreal.org\/\" target=\"_blank\" rel=\"noopener\"><em>Fondation communautaire juive de Montr\u00e9al<\/em><\/a><em> (JCF) pour leur soutien.<\/em><\/p>\n<p style=\"text-align: center;\"><em>Veuillez noter que les niveaux sup\u00e9rieurs de notre b\u00e2timent ne sont actuellement pas accessibles aux visiteurs \u00e0 mobilit\u00e9 r\u00e9duite. Cet \u00e9v\u00e9nement aura lieu au rez-de-chauss\u00e9e. Les masques sont fortement encourag\u00e9s lors de cet \u00e9v\u00e9nement afin de prot\u00e9ger la s\u00e9curit\u00e9 de nos invit\u00e9s.<\/em>.<\/p>\n","protected":false},"excerpt":{"rendered":"<p>\u00ab\u00a0Quelqu&rsquo;un peut-il trouver dans l&rsquo;air la capacit\u00e9 de construire une maison ? &#8211; Rabbi Yehoshua ben Chanania \u00c0 l&rsquo;automne 2020, Rach Klein a commenc\u00e9 \u00e0 trier les archives de leur p\u00e8re. Rach sorti des bo\u00eetes poussi\u00e9reuses de la salle des fours et se sont retrouv\u00e9s au milieu de centaines de&#8230;<\/p>\n","protected":false},"author":5,"featured_media":41366,"template":"","meta":{"_tribe_events_status":"","_tribe_events_status_reason":"","footnotes":""},"tags":[],"tribe_events_cat":[],"class_list":["post-41368","tribe_events","type-tribe_events","status-publish","has-post-thumbnail"],"_links":{"self":[{"href":"https:\/\/museemontrealjuif.ca\/fr\/wp-json\/wp\/v2\/tribe_events\/41368","targetHints":{"allow":["GET"]}}],"collection":[{"href":"https:\/\/museemontrealjuif.ca\/fr\/wp-json\/wp\/v2\/tribe_events"}],"about":[{"href":"https:\/\/museemontrealjuif.ca\/fr\/wp-json\/wp\/v2\/types\/tribe_events"}],"author":[{"embeddable":true,"href":"https:\/\/museemontrealjuif.ca\/fr\/wp-json\/wp\/v2\/users\/5"}],"version-history":[{"count":0,"href":"https:\/\/museemontrealjuif.ca\/fr\/wp-json\/wp\/v2\/tribe_events\/41368\/revisions"}],"wp:featuredmedia":[{"embeddable":true,"href":"https:\/\/museemontrealjuif.ca\/fr\/wp-json\/wp\/v2\/media\/41366"}],"wp:attachment":[{"href":"https:\/\/museemontrealjuif.ca\/fr\/wp-json\/wp\/v2\/media?parent=41368"}],"wp:term":[{"taxonomy":"post_tag","embeddable":true,"href":"https:\/\/museemontrealjuif.ca\/fr\/wp-json\/wp\/v2\/tags?post=41368"},{"taxonomy":"tribe_events_cat","embeddable":true,"href":"https:\/\/museemontrealjuif.ca\/fr\/wp-json\/wp\/v2\/tribe_events_cat?post=41368"}],"curies":[{"name":"wp","href":"https:\/\/api.w.org\/{rel}","templated":true}]}}

<p style="text-align: center;">
            <strong><br />
              <em>  « Quelqu&rsquo;un peut-il trouver dans l&rsquo;air la capacité de construire une maison ? &#8211; Rabbi Yehoshua ben Chanania</em><br />
            </strong>
          </p>
<p style="text-align: center;">À l&rsquo;automne 2020, Rach Klein a commencé à trier les archives de leur père. Rach sorti des boîtes poussiéreuses de la salle des fours et se sont retrouvés au milieu de centaines de diapositives, d&rsquo;heures de film, de notes et de lettres, qui témoignent de la vie du maître verrier Toan Klein. Né en 1949 à Long Island, Toan a ensuite photographié des terres agricoles dans l&rsquo;Ohio, des verreries au Mexique et les montagnes des Appalaches avant d&rsquo;immigrer à Montréal en 1978 et de se frayer un chemin dans l&rsquo;histoire de l&rsquo;artisanat canadien. Au 10e étage du 10, rue Ontario, avec des fenêtres donnant sur la Place-des-Arts, Toan a installé le premier studio d&rsquo;art en verre chaud à Montréal. Au cours des cinquante années qui ont suivi, Toan a créé des œuvres extraordinaires qui élargissent les possibilités de la verrerie grâce à la combinaison unique de la photographie et de la sculpture, et qui se trouvent dans des musées et des collections personnelles dans le monde entier.</p>
<p style="text-align: center;">Méditant sur l&rsquo;alchimie de la fabrication du verre dans les contes juifs, <em>How To Hold Glass</em> est un documentaire expérimental réalisé à partir de documents d&rsquo;archives et d&rsquo;entretiens contemporains.  <strong>Le 27 avril, rejoignez-nous pour une projection de film et une discussion avec l&rsquo;artiste, animée par Ara Osterweil.  </strong>Des boissons seront disponibles à l&rsquo;achat à notre bar (payable par carte uniquement).</p>
<p style="text-align: center;">
            <a href="https://jlive.app/events/4353"><br />
              <span style="text-decoration: underline;"><br />
                <strong>Cliquez ici pour réserver votre billet gratuit.</strong><br />
              </span><br />
            </a>
          </p>
<p style="text-align: center;"><em>Cet événement s&rsquo;inscrit dans le cadre du Programme de micro-subventions pour l&rsquo;exploration créative ou culturelle du Musée du Montréal juif, qui est financé par le </em><a href="https://qcgn.ca/community-innovation-fund/" target="_blank" rel="noopener"><em>CIF du QCGN</em></a><em>. Nous remercions également les  </em><a href="https://jcfmontreal.org/" target="_blank" rel="noopener"><em>Fondation communautaire juive de Montréal</em></a><em> (JCF) pour leur soutien.</em></p>
<p style="text-align: center;"><em>Veuillez noter que les niveaux supérieurs de notre bâtiment ne sont actuellement pas accessibles aux visiteurs à mobilité réduite. Cet événement aura lieu au rez-de-chaussée. Les masques sont fortement encouragés lors de cet événement afin de protéger la sécurité de nos invités.</em>.</p>

<p>« Quelqu&rsquo;un peut-il trouver dans l&rsquo;air la capacité de construire une maison ? &#8211; Rabbi Yehoshua ben Chanania À l&rsquo;automne 2020, Rach Klein a commencé à trier les archives de leur père. Rach sorti des boîtes poussiéreuses de la salle des fours et se sont retrouvés au milieu de centaines de&#8230;</p>
