{"id":42211,"date":"2024-02-20T20:51:02","date_gmt":"2024-02-20T20:51:02","guid":{"rendered":"https:\/\/museemontrealjuif.ca\/?post_type=tribe_events&#038;p=42211"},"modified":"2024-02-20T20:53:19","modified_gmt":"2024-02-20T20:53:19","slug":"derriere-back-river-visite-dexposition","status":"publish","type":"tribe_events","link":"https:\/\/museemontrealjuif.ca\/fr\/event\/derriere-back-river-visite-dexposition\/","title":{"rendered":"DERRI\u00c8RE BACK RIVER : Visite d\u2019exposition"},"content":{"rendered":"<p style=\"text-align: center;\"><span style=\"color: #333333;\">Rejoignez-nous pour une visite sp\u00e9ciale de notre exposition en cours BACK RIVER, qui r\u00e9v\u00e8le la recherche continue derri\u00e8re l&rsquo;exposition et les nombreuses histoires cach\u00e9es du cimeti\u00e8re de Back River. Guid\u00e9s par les chercheuses du d\u00e9partement d&rsquo;histoire de l&rsquo;Universit\u00e9 Concordia, Anna Sheftel et Naomi Frost, ainsi que par l&rsquo;artiste Sonia Bazar, les participants auront l&rsquo;occasion de d\u00e9couvrir le processus et la fascinante relation r\u00e9ciproque entre la recherche et la cr\u00e9ation artistique.<\/span><\/p>\n<p style=\"text-align: center;\"><span style=\"color: #333333;\">La conversation ambulante de 45 minutes se terminera par une p\u00e9riode de questions et r\u00e9ponses.<\/span><br \/>\n<span style=\"color: #333333;\">Ce programme se d\u00e9roulera en anglais, avec des questions et des discussions bilingues.\u00a0<\/span><\/p>\n<p style=\"text-align: center;\"><strong><a href=\"https:\/\/jlive.app\/fr\/events\/7078\"><span style=\"color: #333333;\">Cliquez ici pour reserver votre place (10$ plus taxes).<\/span><\/a><\/strong><\/p>\n<p style=\"text-align: center;\"><span style=\"color: #333333;\"><strong>\u00c0 PROPOS DE NOS INVIT\u00c9.E.S :\u00a0<\/strong><\/span><\/p>\n<p style=\"text-align: center;\"><span style=\"color: #333333;\"><strong>Dr Anna Sheftel<\/strong>\u00a0est directrice et professeure agr\u00e9g\u00e9e \u00e0 l&rsquo;\u00c9cole des affaires publiques et communautaires de l&rsquo;Universit\u00e9 Concordia.Elle est titulaire d&rsquo;un doctorat en histoire moderne de l&rsquo;Universit\u00e9 d&rsquo;Oxford. Elle fait de l&rsquo;histoire orale du g\u00e9nocide, de la violence et de la migration, et a publi\u00e9 de nombreux articles sur la pratique et l&rsquo;\u00e9thique de l&rsquo;histoire orale.<\/span><\/p>\n<p style=\"text-align: center;\"><span style=\"color: #333333;\"><strong>Naomi Frost<\/strong>\u00a0est candidate au doctorat au d\u00e9partement d&rsquo;histoire de l&rsquo;Universit\u00e9 Concordia et est actuellement nomm\u00e9e chercheuse en r\u00e9sidence pour 2023-2024 \u00e0 la biblioth\u00e8que de l&rsquo;Universit\u00e9 Concordia. Ses travaux portent sur l&rsquo;histoire orale, la m\u00e9moire transg\u00e9n\u00e9rationnelle et la narration dans la diaspora cambodgienne post-g\u00e9nocide. Elle travaille \u00e9galement comme assistante de recherche pour le projet \u00ab\u00a0Cemetery as Metaphor\u00a0\u00bb.<\/span><\/p>\n<p style=\"text-align: center;\"><span style=\"color: #333333;\"><strong>Sonia Halpern-Bazar<\/strong>\u00a0est artiste n\u00e9e et install\u00e9e \u00e0 Montr\u00e9al, titulaire d&rsquo;une ma\u00eetrise en photographie de l&rsquo;Universit\u00e9 Concordia. \u00c0 travers la sculpture, la photographie et la po\u00e9sie, leur pratique examine la notion de paysages \u00e9trangers et la fa\u00e7on dont le corps appartient \u00e0 l&rsquo;espace. Apr\u00e8s avoir pr\u00e9sent\u00e9 son travail au Canada, en Allemagne et en Espagne, BACK RIVER marque la premi\u00e8re exposition solo de Bazar \u00e0 Montr\u00e9al.<\/span><\/p>\n","protected":false},"excerpt":{"rendered":"<p>Rejoignez-nous pour une visite sp\u00e9ciale de notre exposition en cours BACK RIVER, qui r\u00e9v\u00e8le la recherche continue derri\u00e8re l&rsquo;exposition et les nombreuses histoires cach\u00e9es du cimeti\u00e8re de Back River. Guid\u00e9s par les chercheuses du d\u00e9partement d&rsquo;histoire de l&rsquo;Universit\u00e9 Concordia, Anna Sheftel et Naomi Frost, ainsi que par l&rsquo;artiste Sonia Bazar,&#8230;<\/p>\n","protected":false},"author":17,"featured_media":42212,"template":"","meta":{"_tribe_events_status":"","_tribe_events_status_reason":"","footnotes":""},"tags":[],"tribe_events_cat":[],"class_list":["post-42211","tribe_events","type-tribe_events","status-publish","has-post-thumbnail"],"_links":{"self":[{"href":"https:\/\/museemontrealjuif.ca\/fr\/wp-json\/wp\/v2\/tribe_events\/42211","targetHints":{"allow":["GET"]}}],"collection":[{"href":"https:\/\/museemontrealjuif.ca\/fr\/wp-json\/wp\/v2\/tribe_events"}],"about":[{"href":"https:\/\/museemontrealjuif.ca\/fr\/wp-json\/wp\/v2\/types\/tribe_events"}],"author":[{"embeddable":true,"href":"https:\/\/museemontrealjuif.ca\/fr\/wp-json\/wp\/v2\/users\/17"}],"version-history":[{"count":0,"href":"https:\/\/museemontrealjuif.ca\/fr\/wp-json\/wp\/v2\/tribe_events\/42211\/revisions"}],"wp:featuredmedia":[{"embeddable":true,"href":"https:\/\/museemontrealjuif.ca\/fr\/wp-json\/wp\/v2\/media\/42212"}],"wp:attachment":[{"href":"https:\/\/museemontrealjuif.ca\/fr\/wp-json\/wp\/v2\/media?parent=42211"}],"wp:term":[{"taxonomy":"post_tag","embeddable":true,"href":"https:\/\/museemontrealjuif.ca\/fr\/wp-json\/wp\/v2\/tags?post=42211"},{"taxonomy":"tribe_events_cat","embeddable":true,"href":"https:\/\/museemontrealjuif.ca\/fr\/wp-json\/wp\/v2\/tribe_events_cat?post=42211"}],"curies":[{"name":"wp","href":"https:\/\/api.w.org\/{rel}","templated":true}]}}

DERRIÈRE BACK RIVER : Visite d’exposition

<p style="text-align: center;"><span style="color: #333333;">Rejoignez-nous pour une visite spéciale de notre exposition en cours BACK RIVER, qui révèle la recherche continue derrière l&rsquo;exposition et les nombreuses histoires cachées du cimetière de Back River. Guidés par les chercheuses du département d&rsquo;histoire de l&rsquo;Université Concordia, Anna Sheftel et Naomi Frost, ainsi que par l&rsquo;artiste Sonia Bazar, les participants auront l&rsquo;occasion de découvrir le processus et la fascinante relation réciproque entre la recherche et la création artistique.</span></p>
<p style="text-align: center;"><span style="color: #333333;">La conversation ambulante de 45 minutes se terminera par une période de questions et réponses.</span><br />
<span style="color: #333333;">Ce programme se déroulera en anglais, avec des questions et des discussions bilingues. </span></p>
<p style="text-align: center;"><strong><a href="https://jlive.app/fr/events/7078"><span style="color: #333333;">Cliquez ici pour reserver votre place (10$ plus taxes).</span></a></strong></p>
<p style="text-align: center;"><span style="color: #333333;"><strong>À PROPOS DE NOS INVITÉ.E.S : </strong></span></p>
<p style="text-align: center;"><span style="color: #333333;"><strong>Dr Anna Sheftel</strong> est directrice et professeure agrégée à l&rsquo;École des affaires publiques et communautaires de l&rsquo;Université Concordia.Elle est titulaire d&rsquo;un doctorat en histoire moderne de l&rsquo;Université d&rsquo;Oxford. Elle fait de l&rsquo;histoire orale du génocide, de la violence et de la migration, et a publié de nombreux articles sur la pratique et l&rsquo;éthique de l&rsquo;histoire orale.</span></p>
<p style="text-align: center;"><span style="color: #333333;"><strong>Naomi Frost</strong> est candidate au doctorat au département d&rsquo;histoire de l&rsquo;Université Concordia et est actuellement nommée chercheuse en résidence pour 2023-2024 à la bibliothèque de l&rsquo;Université Concordia. Ses travaux portent sur l&rsquo;histoire orale, la mémoire transgénérationnelle et la narration dans la diaspora cambodgienne post-génocide. Elle travaille également comme assistante de recherche pour le projet « Cemetery as Metaphor ».</span></p>
<p style="text-align: center;"><span style="color: #333333;"><strong>Sonia Halpern-Bazar</strong> est artiste née et installée à Montréal, titulaire d&rsquo;une maîtrise en photographie de l&rsquo;Université Concordia. À travers la sculpture, la photographie et la poésie, leur pratique examine la notion de paysages étrangers et la façon dont le corps appartient à l&rsquo;espace. Après avoir présenté son travail au Canada, en Allemagne et en Espagne, BACK RIVER marque la première exposition solo de Bazar à Montréal.</span></p>

<p>Rejoignez-nous pour une visite spéciale de notre exposition en cours BACK RIVER, qui révèle la recherche continue derrière l&rsquo;exposition et les nombreuses histoires cachées du cimetière de Back River. Guidés par les chercheuses du département d&rsquo;histoire de l&rsquo;Université Concordia, Anna Sheftel et Naomi Frost, ainsi que par l&rsquo;artiste Sonia Bazar,&#8230;</p>
