{"id":42603,"date":"2024-07-15T18:58:38","date_gmt":"2024-07-15T18:58:38","guid":{"rendered":"https:\/\/museemontrealjuif.ca\/?post_type=tribe_events&#038;p=42603"},"modified":"2024-07-15T18:58:38","modified_gmt":"2024-07-15T18:58:38","slug":"queer-family-craft-brunch","status":"publish","type":"tribe_events","link":"https:\/\/museemontrealjuif.ca\/fr\/event\/queer-family-craft-brunch\/","title":{"rendered":"Queer Family Craft Brunch"},"content":{"rendered":"<p><strong>\ud83c\udf08 Venez c\u00e9l\u00e9brer Fiert\u00e9, en famille ! \ud83c\udf08<\/strong><\/p>\n<p>Le dimanche 4 ao\u00fbt, le Mus\u00e9e du Montr\u00e9al juif et Queer Moms Nite Out s&rsquo;associent pour organiser un brunch avec bagels et tie-dye pour les enfant.e.s de tous \u00e2ges. Apportez vos propres articles en coton blanc \u00e0 teindre, ou fabriquez un bandana arc-en-ciel funky que vous pourrez porter tout au long de la semaine de la Fiert\u00e9 de Montr\u00e9al !<\/p>\n<p>Rejoignez-nous pour prendre un verre, manger et danser, et repartez avec des v\u00eatements d&rsquo;\u00e9t\u00e9 branch\u00e9s et une nouvelle amiti\u00e9, ou quatre !<\/p>\n<p><strong><u>BILLETS :\u00a0<\/u><\/strong><\/p>\n<p><strong>L\u00e8ve-t\u00f4t (avant le 31 juillet) :<\/strong>\u00a020 $\/adulte, 5 $\/enfant<br \/>\n<strong>Billets de porte (du 1er au 4 ao\u00fbt, jusqu&rsquo;\u00e0 \u00e9puisement des stocks) :<\/strong>\u00a025 $\/adulte, 10 $\/enfant<\/p>\n<p><strong><u>TOUS LES BILLETS COMPRENNENT\u00a0:<\/u><\/strong><\/p>\n<p>1) L&rsquo;acc\u00e8s \u00e0 nos bagels et \u00e0 nos rafra\u00eechissements<br \/>\n2) L&rsquo;acc\u00e8s \u00e0 notre station de tie-dye. Veuillez apporter vos propres v\u00eatements en coton blanc \u00e0 teindre.<\/p>\n<p><strong><u>A propos de\u00a0<\/u><em><u>Queer Moms Nite Out<\/u><\/em><u>\u00a0:\u00a0<\/u><\/strong><\/p>\n<p>Organis\u00e9 par\u00a0<strong>Talia Ralph<\/strong>,\u00a0<em>Queer Moms Nite Out<\/em>\u00a0a \u00e9t\u00e9 pr\u00e9sent\u00e9 comme un \u00e9v\u00e9nement au Mus\u00e9e du Montr\u00e9al juif en janvier 2024, dans le cadre de son programme de micro-subventions pour l&rsquo;exploration cr\u00e9ative ou culturelle. R\u00e9unissant des m\u00e8res queer de toutes les exp\u00e9riences, cet \u00e9v\u00e9nement a favoris\u00e9 la communaut\u00e9 par des discussions sur le fait d&rsquo;\u00eatre un parent queer, la maternit\u00e9, et plus encore.<\/p>\n<p><strong><em>Accessibilit\u00e9 :<\/em><\/strong><em>\u00a0Veuillez noter que le Mus\u00e9e n&rsquo;est actuellement pas accessible aux visiteurs \u00e0 mobilit\u00e9 r\u00e9duite. Cet \u00e9v\u00e9nement aura lieu au rez-de-chauss\u00e9e, accessible par une rampe.\u00a0<\/em><\/p>\n","protected":false},"excerpt":{"rendered":"<p>\ud83c\udf08 Venez c\u00e9l\u00e9brer Fiert\u00e9, en famille ! \ud83c\udf08 Le dimanche 4 ao\u00fbt, le Mus\u00e9e du Montr\u00e9al juif et Queer Moms Nite Out s&rsquo;associent pour organiser un brunch avec bagels et tie-dye pour les enfant.e.s de tous \u00e2ges. Apportez vos propres articles en coton blanc \u00e0 teindre, ou fabriquez un bandana&#8230;<\/p>\n","protected":false},"author":17,"featured_media":42604,"template":"","meta":{"_tribe_events_status":"","_tribe_events_status_reason":"","footnotes":""},"tags":[],"tribe_events_cat":[],"class_list":["post-42603","tribe_events","type-tribe_events","status-publish","has-post-thumbnail"],"_links":{"self":[{"href":"https:\/\/museemontrealjuif.ca\/fr\/wp-json\/wp\/v2\/tribe_events\/42603","targetHints":{"allow":["GET"]}}],"collection":[{"href":"https:\/\/museemontrealjuif.ca\/fr\/wp-json\/wp\/v2\/tribe_events"}],"about":[{"href":"https:\/\/museemontrealjuif.ca\/fr\/wp-json\/wp\/v2\/types\/tribe_events"}],"author":[{"embeddable":true,"href":"https:\/\/museemontrealjuif.ca\/fr\/wp-json\/wp\/v2\/users\/17"}],"version-history":[{"count":0,"href":"https:\/\/museemontrealjuif.ca\/fr\/wp-json\/wp\/v2\/tribe_events\/42603\/revisions"}],"wp:featuredmedia":[{"embeddable":true,"href":"https:\/\/museemontrealjuif.ca\/fr\/wp-json\/wp\/v2\/media\/42604"}],"wp:attachment":[{"href":"https:\/\/museemontrealjuif.ca\/fr\/wp-json\/wp\/v2\/media?parent=42603"}],"wp:term":[{"taxonomy":"post_tag","embeddable":true,"href":"https:\/\/museemontrealjuif.ca\/fr\/wp-json\/wp\/v2\/tags?post=42603"},{"taxonomy":"tribe_events_cat","embeddable":true,"href":"https:\/\/museemontrealjuif.ca\/fr\/wp-json\/wp\/v2\/tribe_events_cat?post=42603"}],"curies":[{"name":"wp","href":"https:\/\/api.w.org\/{rel}","templated":true}]}}

<p><strong>🌈 Venez célébrer Fierté, en famille ! 🌈</strong></p>
<p>Le dimanche 4 août, le Musée du Montréal juif et Queer Moms Nite Out s&rsquo;associent pour organiser un brunch avec bagels et tie-dye pour les enfant.e.s de tous âges. Apportez vos propres articles en coton blanc à teindre, ou fabriquez un bandana arc-en-ciel funky que vous pourrez porter tout au long de la semaine de la Fierté de Montréal !</p>
<p>Rejoignez-nous pour prendre un verre, manger et danser, et repartez avec des vêtements d&rsquo;été branchés et une nouvelle amitié, ou quatre !</p>
<p><strong><u>BILLETS : </u></strong></p>
<p><strong>Lève-tôt (avant le 31 juillet) :</strong> 20 $/adulte, 5 $/enfant<br />
<strong>Billets de porte (du 1er au 4 août, jusqu&rsquo;à épuisement des stocks) :</strong> 25 $/adulte, 10 $/enfant</p>
<p><strong><u>TOUS LES BILLETS COMPRENNENT :</u></strong></p>
<p>1) L&rsquo;accès à nos bagels et à nos rafraîchissements<br />
2) L&rsquo;accès à notre station de tie-dye. Veuillez apporter vos propres vêtements en coton blanc à teindre.</p>
<p><strong><u>A propos de </u><em><u>Queer Moms Nite Out</u></em><u> : </u></strong></p>
<p>Organisé par <strong>Talia Ralph</strong>, <em>Queer Moms Nite Out</em> a été présenté comme un événement au Musée du Montréal juif en janvier 2024, dans le cadre de son programme de micro-subventions pour l&rsquo;exploration créative ou culturelle. Réunissant des mères queer de toutes les expériences, cet événement a favorisé la communauté par des discussions sur le fait d&rsquo;être un parent queer, la maternité, et plus encore.</p>
<p><strong><em>Accessibilité :</em></strong><em> Veuillez noter que le Musée n&rsquo;est actuellement pas accessible aux visiteurs à mobilité réduite. Cet événement aura lieu au rez-de-chaussée, accessible par une rampe. </em></p>

<p>🌈 Venez célébrer Fierté, en famille ! 🌈 Le dimanche 4 août, le Musée du Montréal juif et Queer Moms Nite Out s&rsquo;associent pour organiser un brunch avec bagels et tie-dye pour les enfant.e.s de tous âges. Apportez vos propres articles en coton blanc à teindre, ou fabriquez un bandana&#8230;</p>
