{"id":43336,"date":"2025-03-05T15:55:35","date_gmt":"2025-03-05T15:55:35","guid":{"rendered":"https:\/\/museemontrealjuif.ca\/?post_type=tribe_events&#038;p=43336"},"modified":"2025-03-05T16:00:00","modified_gmt":"2025-03-05T16:00:00","slug":"projection-the-last-resort","status":"publish","type":"tribe_events","link":"https:\/\/museemontrealjuif.ca\/fr\/event\/projection-the-last-resort\/","title":{"rendered":"Projection | The Last Resort"},"content":{"rendered":"<p><strong>Pour c\u00e9l\u00e9brer notre exposition\u00a0<em>Shtetl au soleil<\/em>, rejoignez-nous pour une projection du documentaire\u00a0<em>The Last Resor<\/em>t (2018) au Cin\u00e9ma Moderne.\u00a0<\/strong><\/p>\n<p>R\u00e9alis\u00e9 par Dennis Scholl et Kareem Tabsch,\u00a0<em>The Last Resort<\/em>\u00a0met en lumi\u00e8re la transformation de South Beach, \u00e0 Miami, entre les ann\u00e9es 1960 et 1980. Avec des photographies d&rsquo;Andy Sweet, dont le travail est aussi pr\u00e9sent\u00e9 dans\u00a0<a href=\"https:\/\/museemontrealjuif.ca\/fr\/shtetl-au-soleil\/\" target=\"_blank\" rel=\"noopener\">notre exposition en cours\u00a0<em>Shtetl au soleil<\/em><\/a>, ce film explore South Beach lorsqu&rsquo;elle existait en tant que communaut\u00e9 de retrait\u00e9s, peupl\u00e9e en grande partie par des retrait\u00e9s juifs de la classe ouvri\u00e8re et de la classe moyenne inf\u00e9rieure.<\/p>\n<p>Susan Gladstone, directrice du Jewish Museum of Florida, cin\u00e9aste Kelly Reichardt, et bien d&rsquo;autres encore, se pr\u00eatent au jeu des interviews et des commentaires.<\/p>\n<p>Pour compl\u00e9ter votre exp\u00e9rience cin\u00e9matographique, nous vous recommandons de visiter Shtetl au soleil au Mus\u00e9e du Montr\u00e9al juif, situ\u00e9 \u00e0 deux pas du Cin\u00e9ma Moderne. Ouvert du jeudi au dimanche de 10h \u00e0 17h.\u00a0<a href=\"https:\/\/museemontrealjuif.ca\/fr\/shtetl-au-soleil\/\" target=\"_blank\" rel=\"noopener\"><strong>En savoir plus.<\/strong><\/a>\u00a0L&rsquo;admission de notre exposition est gratuite avec votre achat.<\/p>\n<p><strong>15 $ plus taxes.<\/strong> Veuillez noter que es places seront attribu\u00e9es selon le principe du premier arriv\u00e9, premier servi.<\/p>\n<p><a href=\"https:\/\/jlive.app\/fr\/events\/10966\"><strong>Cliquez ici pour acheter vos billets.<\/strong><\/a><\/p>\n<p><span style=\"text-decoration: underline;\"><strong>Infos pratiques :<\/strong><\/span><\/p>\n<p><strong>Dur\u00e9e :\u00a0<\/strong>70 minutes<br \/>\n<strong>Langue :\u00a0<\/strong>Anglais, sans sous-titres<br \/>\n<strong>Heure de projection\u00a0<\/strong>: 18h30. Aucun visiteur en retard ne sera admis \u00e0 la projection. Nous recommandons vivement aux invit\u00e9s d&rsquo;arriver 10 \u00e0 15 minutes \u00e0 l&rsquo;avance.<\/p>\n<p>Cette pr\u00e9sentation est pr\u00e9sent\u00e9 en fi\u00e8re collaboration avec Cin\u00e9ma Moderne, POP Montr\u00e9al et Film POP.<\/p>\n","protected":false},"excerpt":{"rendered":"<p>Pour c\u00e9l\u00e9brer notre exposition\u00a0Shtetl au soleil, rejoignez-nous pour une projection du documentaire\u00a0The Last Resort (2018) au Cin\u00e9ma Moderne.\u00a0 R\u00e9alis\u00e9 par Dennis Scholl et Kareem Tabsch,\u00a0The Last Resort\u00a0met en lumi\u00e8re la transformation de South Beach, \u00e0 Miami, entre les ann\u00e9es 1960 et 1980. Avec des photographies d&rsquo;Andy Sweet, dont le travail&#8230;<\/p>\n","protected":false},"author":17,"featured_media":43338,"template":"","meta":{"_tribe_events_status":"","_tribe_events_status_reason":"","footnotes":""},"tags":[],"tribe_events_cat":[],"class_list":["post-43336","tribe_events","type-tribe_events","status-publish","has-post-thumbnail"],"_links":{"self":[{"href":"https:\/\/museemontrealjuif.ca\/fr\/wp-json\/wp\/v2\/tribe_events\/43336","targetHints":{"allow":["GET"]}}],"collection":[{"href":"https:\/\/museemontrealjuif.ca\/fr\/wp-json\/wp\/v2\/tribe_events"}],"about":[{"href":"https:\/\/museemontrealjuif.ca\/fr\/wp-json\/wp\/v2\/types\/tribe_events"}],"author":[{"embeddable":true,"href":"https:\/\/museemontrealjuif.ca\/fr\/wp-json\/wp\/v2\/users\/17"}],"version-history":[{"count":0,"href":"https:\/\/museemontrealjuif.ca\/fr\/wp-json\/wp\/v2\/tribe_events\/43336\/revisions"}],"wp:featuredmedia":[{"embeddable":true,"href":"https:\/\/museemontrealjuif.ca\/fr\/wp-json\/wp\/v2\/media\/43338"}],"wp:attachment":[{"href":"https:\/\/museemontrealjuif.ca\/fr\/wp-json\/wp\/v2\/media?parent=43336"}],"wp:term":[{"taxonomy":"post_tag","embeddable":true,"href":"https:\/\/museemontrealjuif.ca\/fr\/wp-json\/wp\/v2\/tags?post=43336"},{"taxonomy":"tribe_events_cat","embeddable":true,"href":"https:\/\/museemontrealjuif.ca\/fr\/wp-json\/wp\/v2\/tribe_events_cat?post=43336"}],"curies":[{"name":"wp","href":"https:\/\/api.w.org\/{rel}","templated":true}]}}

<p><strong>Pour célébrer notre exposition <em>Shtetl au soleil</em>, rejoignez-nous pour une projection du documentaire <em>The Last Resor</em>t (2018) au Cinéma Moderne. </strong></p>
<p>Réalisé par Dennis Scholl et Kareem Tabsch, <em>The Last Resort</em> met en lumière la transformation de South Beach, à Miami, entre les années 1960 et 1980. Avec des photographies d&rsquo;Andy Sweet, dont le travail est aussi présenté dans <a href="https://museemontrealjuif.ca/fr/shtetl-au-soleil/" target="_blank" rel="noopener">notre exposition en cours <em>Shtetl au soleil</em></a>, ce film explore South Beach lorsqu&rsquo;elle existait en tant que communauté de retraités, peuplée en grande partie par des retraités juifs de la classe ouvrière et de la classe moyenne inférieure.</p>
<p>Susan Gladstone, directrice du Jewish Museum of Florida, cinéaste Kelly Reichardt, et bien d&rsquo;autres encore, se prêtent au jeu des interviews et des commentaires.</p>
<p>Pour compléter votre expérience cinématographique, nous vous recommandons de visiter Shtetl au soleil au Musée du Montréal juif, situé à deux pas du Cinéma Moderne. Ouvert du jeudi au dimanche de 10h à 17h. <a href="https://museemontrealjuif.ca/fr/shtetl-au-soleil/" target="_blank" rel="noopener"><strong>En savoir plus.</strong></a> L&rsquo;admission de notre exposition est gratuite avec votre achat.</p>
<p><strong>15 $ plus taxes.</strong> Veuillez noter que es places seront attribuées selon le principe du premier arrivé, premier servi.</p>
<p><a href="https://jlive.app/fr/events/10966"><strong>Cliquez ici pour acheter vos billets.</strong></a></p>
<p><span style="text-decoration: underline;"><strong>Infos pratiques :</strong></span></p>
<p><strong>Durée : </strong>70 minutes<br />
<strong>Langue : </strong>Anglais, sans sous-titres<br />
<strong>Heure de projection </strong>: 18h30. Aucun visiteur en retard ne sera admis à la projection. Nous recommandons vivement aux invités d&rsquo;arriver 10 à 15 minutes à l&rsquo;avance.</p>
<p>Cette présentation est présenté en fière collaboration avec Cinéma Moderne, POP Montréal et Film POP.</p>

<p>Pour célébrer notre exposition Shtetl au soleil, rejoignez-nous pour une projection du documentaire The Last Resort (2018) au Cinéma Moderne.  Réalisé par Dennis Scholl et Kareem Tabsch, The Last Resort met en lumière la transformation de South Beach, à Miami, entre les années 1960 et 1980. Avec des photographies d&rsquo;Andy Sweet, dont le travail&#8230;</p>
