{"id":50128,"date":"2026-03-09T22:07:41","date_gmt":"2026-03-09T22:07:41","guid":{"rendered":"https:\/\/museemontrealjuif.ca\/?post_type=tribe_events&#038;p=50128"},"modified":"2026-03-10T13:40:21","modified_gmt":"2026-03-10T13:40:21","slug":"by-the-tips-of-your-fingers-for-the-palm-of-your-hand-lancement-du-livre-et-discussion-de-lartiste","status":"publish","type":"tribe_events","link":"https:\/\/museemontrealjuif.ca\/fr\/event\/by-the-tips-of-your-fingers-for-the-palm-of-your-hand-lancement-du-livre-et-discussion-de-lartiste\/","title":{"rendered":"Du bout des doigts, dans la paume de ta main: Lancement du livre et discussion de l&rsquo;artiste"},"content":{"rendered":"<p><strong>Le 26 mars, rejoignez-nous pour le lancement du livre et une discussion avec l&rsquo;artiste Levana Katz, b\u00e9n\u00e9ficiaire d&rsquo;une micro-subvention MMJ.\u00a0<\/strong><\/p>\n<p><em>Du bout des doigts, dans la paume de ta main <\/em>est un livre de Levana Katz qui explore la mani\u00e8re dont la m\u00e9moire culturelle fa\u00e7onne un lieu. Il examine la signification personnelle et communautaire des\u00a0<em>Mezuzot<\/em>, une archive de lettres entre ses parents et le passage de sa famille \u00e0 Montr\u00e9al. Combinant reliure \u00e0 la main, impression risographique et inkjet, ainsi que la calligraphie de sa m\u00e8re et la sienne, le livre est une \u0153uvre tactile et interactive qui s&rsquo;inspire des traditions culturelles h\u00e9rit\u00e9es.<\/p>\n<p>Katz discutera de son processus de cr\u00e9ation de ce livre, aborde ses th\u00e8mes et partagera certains des documents d&rsquo;archives de sa famille qui ont servi \u00e0 sa production. Apr\u00e8s la discussion, Katz animera une s\u00e9ance de questions-r\u00e9ponses bilingue avec le public. Les invit\u00e9s sont encourag\u00e9s \u00e0 se m\u00ealer aux autres et \u00e0 voir de pr\u00e8s certains des objets qui ont inspir\u00e9 le contenu du livre.<\/p>\n<p>Un nombre limit\u00e9 des copies de <em>Du bout des doigts, dans la paume de ta main<\/em>\u00a0sera \u00e9galement mis en vente selon le principe du premier arriv\u00e9, premier servi.<\/p>\n<p>Tous les profits seront revers\u00e9s \u00e0 Katz. Prix: 40 $ chacun ou payez ce que vous pouvez.<\/p>\n<p><strong>L&rsquo;entr\u00e9e est gratuite, mais le nombre de places est limit\u00e9, donc il est recommand\u00e9 de s&rsquo;inscrire \u00e0 l&rsquo;avance. <a href=\"https:\/\/jlive.app\/fr\/events\/15107\">Cliquez ici pour r\u00e9server.\u00a0<\/a><\/strong><\/p>\n<p><strong><u>Accessibilit\u00e9 :<\/u><\/strong><u>\u00a0<\/u>Veuillez noter que les \u00e9tages sup\u00e9rieurs de notre lieu ne sont actuellement pas accessibles aux visiteurs et visiteuses \u00e0 mobilit\u00e9 r\u00e9duite. Cet atelier aura lieu au RDC.<\/p>\n<p><em>Cet \u00e9v\u00e9nement s&rsquo;inscrit dans le cadre du programme de micro-subventions 2026 du Mus\u00e9e du Montr\u00e9al juif pour l&rsquo;exploration cr\u00e9ative ou culturelle, rendu possible gr\u00e2ce au soutien de la Fondation Azrieli, de la Fondation Betty Averbach, de la Fondation canadienne des relations raciales et de CANVAS.<\/em><\/p>\n","protected":false},"excerpt":{"rendered":"<p>Le 26 mars, rejoignez-nous pour le lancement du livre et une discussion avec l&rsquo;artiste Levana Katz, b\u00e9n\u00e9ficiaire d&rsquo;une micro-subvention MMJ.\u00a0 Du bout des doigts, dans la paume de ta main est un livre de Levana Katz qui explore la mani\u00e8re dont la m\u00e9moire culturelle fa\u00e7onne un lieu. Il examine la&#8230;<\/p>\n","protected":false},"author":17,"featured_media":50130,"template":"","meta":{"_tribe_events_status":"","_tribe_events_status_reason":"","footnotes":""},"tags":[],"tribe_events_cat":[77],"class_list":["post-50128","tribe_events","type-tribe_events","status-publish","has-post-thumbnail","tribe_events_cat-microgrants-fr","cat_microgrants-fr"],"_links":{"self":[{"href":"https:\/\/museemontrealjuif.ca\/fr\/wp-json\/wp\/v2\/tribe_events\/50128","targetHints":{"allow":["GET"]}}],"collection":[{"href":"https:\/\/museemontrealjuif.ca\/fr\/wp-json\/wp\/v2\/tribe_events"}],"about":[{"href":"https:\/\/museemontrealjuif.ca\/fr\/wp-json\/wp\/v2\/types\/tribe_events"}],"author":[{"embeddable":true,"href":"https:\/\/museemontrealjuif.ca\/fr\/wp-json\/wp\/v2\/users\/17"}],"version-history":[{"count":0,"href":"https:\/\/museemontrealjuif.ca\/fr\/wp-json\/wp\/v2\/tribe_events\/50128\/revisions"}],"wp:featuredmedia":[{"embeddable":true,"href":"https:\/\/museemontrealjuif.ca\/fr\/wp-json\/wp\/v2\/media\/50130"}],"wp:attachment":[{"href":"https:\/\/museemontrealjuif.ca\/fr\/wp-json\/wp\/v2\/media?parent=50128"}],"wp:term":[{"taxonomy":"post_tag","embeddable":true,"href":"https:\/\/museemontrealjuif.ca\/fr\/wp-json\/wp\/v2\/tags?post=50128"},{"taxonomy":"tribe_events_cat","embeddable":true,"href":"https:\/\/museemontrealjuif.ca\/fr\/wp-json\/wp\/v2\/tribe_events_cat?post=50128"}],"curies":[{"name":"wp","href":"https:\/\/api.w.org\/{rel}","templated":true}]}}

<p><strong>Le 26 mars, rejoignez-nous pour le lancement du livre et une discussion avec l&rsquo;artiste Levana Katz, bénéficiaire d&rsquo;une micro-subvention MMJ. </strong></p>
<p><em>Du bout des doigts, dans la paume de ta main </em>est un livre de Levana Katz qui explore la manière dont la mémoire culturelle façonne un lieu. Il examine la signification personnelle et communautaire des <em>Mezuzot</em>, une archive de lettres entre ses parents et le passage de sa famille à Montréal. Combinant reliure à la main, impression risographique et inkjet, ainsi que la calligraphie de sa mère et la sienne, le livre est une œuvre tactile et interactive qui s&rsquo;inspire des traditions culturelles héritées.</p>
<p>Katz discutera de son processus de création de ce livre, aborde ses thèmes et partagera certains des documents d&rsquo;archives de sa famille qui ont servi à sa production. Après la discussion, Katz animera une séance de questions-réponses bilingue avec le public. Les invités sont encouragés à se mêler aux autres et à voir de près certains des objets qui ont inspiré le contenu du livre.</p>
<p>Un nombre limité des copies de <em>Du bout des doigts, dans la paume de ta main</em> sera également mis en vente selon le principe du premier arrivé, premier servi.</p>
<p>Tous les profits seront reversés à Katz. Prix: 40 $ chacun ou payez ce que vous pouvez.</p>
<p><strong>L&rsquo;entrée est gratuite, mais le nombre de places est limité, donc il est recommandé de s&rsquo;inscrire à l&rsquo;avance. <a href="https://jlive.app/fr/events/15107">Cliquez ici pour réserver. </a></strong></p>
<p><strong><u>Accessibilité :</u></strong><u> </u>Veuillez noter que les étages supérieurs de notre lieu ne sont actuellement pas accessibles aux visiteurs et visiteuses à mobilité réduite. Cet atelier aura lieu au RDC.</p>
<p><em>Cet événement s&rsquo;inscrit dans le cadre du programme de micro-subventions 2026 du Musée du Montréal juif pour l&rsquo;exploration créative ou culturelle, rendu possible grâce au soutien de la Fondation Azrieli, de la Fondation Betty Averbach, de la Fondation canadienne des relations raciales et de CANVAS.</em></p>

<p>Le 26 mars, rejoignez-nous pour le lancement du livre et une discussion avec l&rsquo;artiste Levana Katz, bénéficiaire d&rsquo;une micro-subvention MMJ.  Du bout des doigts, dans la paume de ta main est un livre de Levana Katz qui explore la manière dont la mémoire culturelle façonne un lieu. Il examine la&#8230;</p>
